{"id":166,"date":"2024-02-08T14:58:01","date_gmt":"2024-02-08T13:58:01","guid":{"rendered":"https:\/\/ucos.fr\/?page_id=166"},"modified":"2024-02-08T15:19:55","modified_gmt":"2024-02-08T14:19:55","slug":"actualites","status":"publish","type":"page","link":"https:\/\/ucos.fr\/index.php\/actualites\/","title":{"rendered":"Actualit\u00e9s"},"content":{"rendered":"\n<div class=\"wp-block-cover\"><span aria-hidden=\"true\" class=\"wp-block-cover__background has-background-dim\"><\/span><img loading=\"lazy\" decoding=\"async\" width=\"1707\" height=\"2560\" class=\"wp-block-cover__image-background wp-image-46\" alt=\"\" src=\"https:\/\/ucos.fr\/wp-content\/uploads\/2024\/01\/semen-zhuravlev-_XxH_mV8dnk-unsplash-scaled.jpg\" style=\"object-position:53% 60%\" data-object-fit=\"cover\" data-object-position=\"53% 60%\" srcset=\"https:\/\/ucos.fr\/wp-content\/uploads\/2024\/01\/semen-zhuravlev-_XxH_mV8dnk-unsplash-scaled.jpg 1707w, https:\/\/ucos.fr\/wp-content\/uploads\/2024\/01\/semen-zhuravlev-_XxH_mV8dnk-unsplash-200x300.jpg 200w, https:\/\/ucos.fr\/wp-content\/uploads\/2024\/01\/semen-zhuravlev-_XxH_mV8dnk-unsplash-683x1024.jpg 683w, https:\/\/ucos.fr\/wp-content\/uploads\/2024\/01\/semen-zhuravlev-_XxH_mV8dnk-unsplash-768x1152.jpg 768w, https:\/\/ucos.fr\/wp-content\/uploads\/2024\/01\/semen-zhuravlev-_XxH_mV8dnk-unsplash-1024x1536.jpg 1024w, https:\/\/ucos.fr\/wp-content\/uploads\/2024\/01\/semen-zhuravlev-_XxH_mV8dnk-unsplash-1365x2048.jpg 1365w\" sizes=\"auto, (max-width: 1707px) 100vw, 1707px\" \/><div class=\"wp-block-cover__inner-container is-layout-constrained wp-block-cover-is-layout-constrained\">\n<p class=\"has-text-align-center has-large-font-size\">Actualit\u00e9<\/p>\n<\/div><\/div>\n\n\n\n<div class=\"wp-block-group alignfull is-layout-constrained wp-container-core-group-is-layout-e3d2490c wp-block-group-is-layout-constrained\" style=\"margin-top:0;margin-bottom:0;padding-top:var(--wp--preset--spacing--80);padding-right:var(--wp--preset--spacing--40);padding-bottom:var(--wp--preset--spacing--80);padding-left:var(--wp--preset--spacing--40)\">\n<div data-wp-context=\"{}\" data-wp-interactive=\"core\/query\" data-wp-key=\"4\" data-wp-router-region=\"query-4\" class=\"wp-block-query alignwide is-layout-flow wp-block-query-is-layout-flow\"><ul class=\"columns-2 alignwide wp-block-post-template is-layout-grid wp-container-core-post-template-is-layout-93e7e78d wp-block-post-template-is-layout-grid\"><li data-wp-key=\"post-template-item-553\" class=\"wp-block-post post-553 post type-post status-publish format-standard has-post-thumbnail hentry category-non-classe\">\n\n<div class=\"wp-block-group is-layout-flow wp-container-core-group-is-layout-a77db08e wp-block-group-is-layout-flow\"><figure class=\"wp-block-post-featured-image\"><a href=\"https:\/\/ucos.fr\/index.php\/2025\/08\/26\/ils-lont-fait\/\" target=\"_self\"  ><img loading=\"lazy\" decoding=\"async\" width=\"1600\" height=\"1200\" src=\"https:\/\/ucos.fr\/wp-content\/uploads\/2025\/08\/45bd9aac-b96a-4ae9-8ba6-a8bc3f723ef7.jpg\" class=\"attachment-post-thumbnail size-post-thumbnail wp-post-image\" alt=\"Ils l&rsquo;ont fait!\" style=\"object-fit:cover;\" srcset=\"https:\/\/ucos.fr\/wp-content\/uploads\/2025\/08\/45bd9aac-b96a-4ae9-8ba6-a8bc3f723ef7.jpg 1600w, https:\/\/ucos.fr\/wp-content\/uploads\/2025\/08\/45bd9aac-b96a-4ae9-8ba6-a8bc3f723ef7-300x225.jpg 300w, https:\/\/ucos.fr\/wp-content\/uploads\/2025\/08\/45bd9aac-b96a-4ae9-8ba6-a8bc3f723ef7-1024x768.jpg 1024w, https:\/\/ucos.fr\/wp-content\/uploads\/2025\/08\/45bd9aac-b96a-4ae9-8ba6-a8bc3f723ef7-768x576.jpg 768w, https:\/\/ucos.fr\/wp-content\/uploads\/2025\/08\/45bd9aac-b96a-4ae9-8ba6-a8bc3f723ef7-1536x1152.jpg 1536w\" sizes=\"auto, (max-width: 1600px) 100vw, 1600px\" \/><\/a><\/figure>\n\n\n<div class=\"wp-block-group has-raft-bg-alt-background-color has-background is-content-justification-left is-layout-constrained wp-container-core-group-is-layout-ecd84a09 wp-block-group-is-layout-constrained\" style=\"padding-top:var(--wp--preset--spacing--40);padding-right:var(--wp--preset--spacing--40);padding-bottom:var(--wp--preset--spacing--40);padding-left:var(--wp--preset--spacing--40)\">\n<div class=\"wp-block-group has-small-font-size is-content-justification-space-between is-nowrap is-layout-flex wp-container-core-group-is-layout-cb46ffcb wp-block-group-is-layout-flex\"><div class=\"wp-block-post-date\"><time datetime=\"2025-08-26T08:25:24+02:00\">26 ao\u00fbt 2025<\/time><\/div>\n\n<div class=\"taxonomy-category wp-block-post-terms\"><a href=\"https:\/\/ucos.fr\/index.php\/category\/non-classe\/\" rel=\"tag\">Non class\u00e9<\/a><\/div><\/div>\n\n\n<h2 class=\"has-text-align-left wp-block-post-title has-medium-font-size\"><a href=\"https:\/\/ucos.fr\/index.php\/2025\/08\/26\/ils-lont-fait\/\" target=\"_self\" >Ils l&rsquo;ont fait!<\/a><\/h2>\n\n<a class=\"wp-elements-35bd8fcdb1de378d7b057e104aebbbcf wp-block-read-more has-text-color has-raft-accent-color\" href=\"https:\/\/ucos.fr\/index.php\/2025\/08\/26\/ils-lont-fait\/\" target=\"_self\">Continue reading<span class=\"screen-reader-text\">\u00a0: Ils l&rsquo;ont fait!<\/span><\/a><\/div>\n<\/div>\n\n<\/li><li data-wp-key=\"post-template-item-544\" class=\"wp-block-post post-544 post type-post status-publish format-standard has-post-thumbnail hentry category-non-classe\">\n\n<div class=\"wp-block-group is-layout-flow wp-container-core-group-is-layout-a77db08e wp-block-group-is-layout-flow\"><figure class=\"wp-block-post-featured-image\"><a href=\"https:\/\/ucos.fr\/index.php\/2025\/06\/04\/le-sport-post-op-evidemment\/\" target=\"_self\"  ><img loading=\"lazy\" decoding=\"async\" width=\"1600\" height=\"1200\" src=\"https:\/\/ucos.fr\/wp-content\/uploads\/2025\/06\/5da14385-4f8f-4e7d-8634-29900c90fe55.jpg\" class=\"attachment-post-thumbnail size-post-thumbnail wp-post-image\" alt=\"Les 24h du Mans en post op\u00e9ratoire, et pourquoi pas?\" style=\"object-fit:cover;\" srcset=\"https:\/\/ucos.fr\/wp-content\/uploads\/2025\/06\/5da14385-4f8f-4e7d-8634-29900c90fe55.jpg 1600w, https:\/\/ucos.fr\/wp-content\/uploads\/2025\/06\/5da14385-4f8f-4e7d-8634-29900c90fe55-300x225.jpg 300w, https:\/\/ucos.fr\/wp-content\/uploads\/2025\/06\/5da14385-4f8f-4e7d-8634-29900c90fe55-1024x768.jpg 1024w, https:\/\/ucos.fr\/wp-content\/uploads\/2025\/06\/5da14385-4f8f-4e7d-8634-29900c90fe55-768x576.jpg 768w, https:\/\/ucos.fr\/wp-content\/uploads\/2025\/06\/5da14385-4f8f-4e7d-8634-29900c90fe55-1536x1152.jpg 1536w\" sizes=\"auto, (max-width: 1600px) 100vw, 1600px\" \/><\/a><\/figure>\n\n\n<div class=\"wp-block-group has-raft-bg-alt-background-color has-background is-content-justification-left is-layout-constrained wp-container-core-group-is-layout-ecd84a09 wp-block-group-is-layout-constrained\" style=\"padding-top:var(--wp--preset--spacing--40);padding-right:var(--wp--preset--spacing--40);padding-bottom:var(--wp--preset--spacing--40);padding-left:var(--wp--preset--spacing--40)\">\n<div class=\"wp-block-group has-small-font-size is-content-justification-space-between is-nowrap is-layout-flex wp-container-core-group-is-layout-cb46ffcb wp-block-group-is-layout-flex\"><div class=\"wp-block-post-date\"><time datetime=\"2025-06-04T14:28:56+02:00\">4 juin 2025<\/time><\/div>\n\n<div class=\"taxonomy-category wp-block-post-terms\"><a href=\"https:\/\/ucos.fr\/index.php\/category\/non-classe\/\" rel=\"tag\">Non class\u00e9<\/a><\/div><\/div>\n\n\n<h2 class=\"has-text-align-left wp-block-post-title has-medium-font-size\"><a href=\"https:\/\/ucos.fr\/index.php\/2025\/06\/04\/le-sport-post-op-evidemment\/\" target=\"_self\" >Les 24h du Mans en post op\u00e9ratoire, et pourquoi pas?<\/a><\/h2>\n\n<a class=\"wp-elements-35bd8fcdb1de378d7b057e104aebbbcf wp-block-read-more has-text-color has-raft-accent-color\" href=\"https:\/\/ucos.fr\/index.php\/2025\/06\/04\/le-sport-post-op-evidemment\/\" target=\"_self\">Continue reading<span class=\"screen-reader-text\">\u00a0: Les 24h du Mans en post op\u00e9ratoire, et pourquoi pas?<\/span><\/a><\/div>\n<\/div>\n\n<\/li><li data-wp-key=\"post-template-item-537\" class=\"wp-block-post post-537 post type-post status-publish format-standard has-post-thumbnail hentry category-non-classe\">\n\n<div class=\"wp-block-group is-layout-flow wp-container-core-group-is-layout-a77db08e wp-block-group-is-layout-flow\"><figure class=\"wp-block-post-featured-image\"><a href=\"https:\/\/ucos.fr\/index.php\/2024\/12\/18\/vos-chirurgiens-en-congres-a-bordeaux-innovation-et-expertise-au-service-de-votre-sante-2\/\" target=\"_self\"  ><img loading=\"lazy\" decoding=\"async\" width=\"1200\" height=\"800\" src=\"https:\/\/ucos.fr\/wp-content\/uploads\/2024\/02\/IMG_5769.jpg\" class=\"attachment-post-thumbnail size-post-thumbnail wp-post-image\" alt=\"Vos chirurgiens en Congr\u00e8s \u00e0 Bordeaux : Innovation et Expertise au Service de votre Sant\u00e9\" style=\"object-fit:cover;\" srcset=\"https:\/\/ucos.fr\/wp-content\/uploads\/2024\/02\/IMG_5769.jpg 1200w, https:\/\/ucos.fr\/wp-content\/uploads\/2024\/02\/IMG_5769-300x200.jpg 300w, https:\/\/ucos.fr\/wp-content\/uploads\/2024\/02\/IMG_5769-1024x683.jpg 1024w, https:\/\/ucos.fr\/wp-content\/uploads\/2024\/02\/IMG_5769-768x512.jpg 768w\" sizes=\"auto, (max-width: 1200px) 100vw, 1200px\" \/><\/a><\/figure>\n\n\n<div class=\"wp-block-group has-raft-bg-alt-background-color has-background is-content-justification-left is-layout-constrained wp-container-core-group-is-layout-ecd84a09 wp-block-group-is-layout-constrained\" style=\"padding-top:var(--wp--preset--spacing--40);padding-right:var(--wp--preset--spacing--40);padding-bottom:var(--wp--preset--spacing--40);padding-left:var(--wp--preset--spacing--40)\">\n<div class=\"wp-block-group has-small-font-size is-content-justification-space-between is-nowrap is-layout-flex wp-container-core-group-is-layout-cb46ffcb wp-block-group-is-layout-flex\"><div class=\"wp-block-post-date\"><time datetime=\"2024-12-18T19:39:12+01:00\">18 d\u00e9cembre 2024<\/time><\/div>\n\n<div class=\"taxonomy-category wp-block-post-terms\"><a href=\"https:\/\/ucos.fr\/index.php\/category\/non-classe\/\" rel=\"tag\">Non class\u00e9<\/a><\/div><\/div>\n\n\n<h2 class=\"has-text-align-left wp-block-post-title has-medium-font-size\"><a href=\"https:\/\/ucos.fr\/index.php\/2024\/12\/18\/vos-chirurgiens-en-congres-a-bordeaux-innovation-et-expertise-au-service-de-votre-sante-2\/\" target=\"_self\" >Vos chirurgiens en Congr\u00e8s \u00e0 Bordeaux : Innovation et Expertise au Service de votre Sant\u00e9<\/a><\/h2>\n\n<a class=\"wp-elements-35bd8fcdb1de378d7b057e104aebbbcf wp-block-read-more has-text-color has-raft-accent-color\" href=\"https:\/\/ucos.fr\/index.php\/2024\/12\/18\/vos-chirurgiens-en-congres-a-bordeaux-innovation-et-expertise-au-service-de-votre-sante-2\/\" target=\"_self\">Continue reading<span class=\"screen-reader-text\">\u00a0: Vos chirurgiens en Congr\u00e8s \u00e0 Bordeaux : Innovation et Expertise au Service de votre Sant\u00e9<\/span><\/a><\/div>\n<\/div>\n\n<\/li><li data-wp-key=\"post-template-item-502\" class=\"wp-block-post post-502 post type-post status-publish format-standard has-post-thumbnail hentry category-non-classe\">\n\n<div class=\"wp-block-group is-layout-flow wp-container-core-group-is-layout-a77db08e wp-block-group-is-layout-flow\"><figure class=\"wp-block-post-featured-image\"><a href=\"https:\/\/ucos.fr\/index.php\/2024\/12\/12\/un-partenariat-au-service-des-sportifs-et-de-leur-sante\/\" target=\"_self\"  ><img loading=\"lazy\" decoding=\"async\" width=\"946\" height=\"946\" src=\"https:\/\/ucos.fr\/wp-content\/uploads\/2024\/12\/Logo_partenaire_saison2025_Partenaire_23-24_Neg_verti.png\" class=\"attachment-post-thumbnail size-post-thumbnail wp-post-image\" alt=\"Un partenariat au service des sportifs et de leur sant\u00e9 ! \ud83c\udfc9\" style=\"object-fit:cover;\" srcset=\"https:\/\/ucos.fr\/wp-content\/uploads\/2024\/12\/Logo_partenaire_saison2025_Partenaire_23-24_Neg_verti.png 946w, https:\/\/ucos.fr\/wp-content\/uploads\/2024\/12\/Logo_partenaire_saison2025_Partenaire_23-24_Neg_verti-300x300.png 300w, https:\/\/ucos.fr\/wp-content\/uploads\/2024\/12\/Logo_partenaire_saison2025_Partenaire_23-24_Neg_verti-150x150.png 150w, https:\/\/ucos.fr\/wp-content\/uploads\/2024\/12\/Logo_partenaire_saison2025_Partenaire_23-24_Neg_verti-768x768.png 768w\" sizes=\"auto, (max-width: 946px) 100vw, 946px\" \/><\/a><\/figure>\n\n\n<div class=\"wp-block-group has-raft-bg-alt-background-color has-background is-content-justification-left is-layout-constrained wp-container-core-group-is-layout-ecd84a09 wp-block-group-is-layout-constrained\" style=\"padding-top:var(--wp--preset--spacing--40);padding-right:var(--wp--preset--spacing--40);padding-bottom:var(--wp--preset--spacing--40);padding-left:var(--wp--preset--spacing--40)\">\n<div class=\"wp-block-group has-small-font-size is-content-justification-space-between is-nowrap is-layout-flex wp-container-core-group-is-layout-cb46ffcb wp-block-group-is-layout-flex\"><div class=\"wp-block-post-date\"><time datetime=\"2024-12-12T08:11:59+01:00\">12 d\u00e9cembre 2024<\/time><\/div>\n\n<div class=\"taxonomy-category wp-block-post-terms\"><a href=\"https:\/\/ucos.fr\/index.php\/category\/non-classe\/\" rel=\"tag\">Non class\u00e9<\/a><\/div><\/div>\n\n\n<h2 class=\"has-text-align-left wp-block-post-title has-medium-font-size\"><a href=\"https:\/\/ucos.fr\/index.php\/2024\/12\/12\/un-partenariat-au-service-des-sportifs-et-de-leur-sante\/\" target=\"_self\" >Un partenariat au service des sportifs et de leur sant\u00e9 ! \ud83c\udfc9<\/a><\/h2>\n\n<a class=\"wp-elements-35bd8fcdb1de378d7b057e104aebbbcf wp-block-read-more has-text-color has-raft-accent-color\" href=\"https:\/\/ucos.fr\/index.php\/2024\/12\/12\/un-partenariat-au-service-des-sportifs-et-de-leur-sante\/\" target=\"_self\">Continue reading<span class=\"screen-reader-text\">\u00a0: Un partenariat au service des sportifs et de leur sant\u00e9 ! \ud83c\udfc9<\/span><\/a><\/div>\n<\/div>\n\n<\/li><\/ul>\n\n\n<div class=\"wp-block-group is-layout-flow wp-block-group-is-layout-flow\" style=\"margin-top:var(--wp--preset--spacing--60);margin-bottom:var(--wp--preset--spacing--60)\"><\/div>\n\n\n<\/div>\n<\/div>\n","protected":false},"excerpt":{"rendered":"","protected":false},"author":1,"featured_media":0,"parent":0,"menu_order":0,"comment_status":"closed","ping_status":"closed","template":"template-plain","meta":{"footnotes":""},"class_list":["post-166","page","type-page","status-publish","hentry"],"_links":{"self":[{"href":"https:\/\/ucos.fr\/index.php\/wp-json\/wp\/v2\/pages\/166","targetHints":{"allow":["GET"]}}],"collection":[{"href":"https:\/\/ucos.fr\/index.php\/wp-json\/wp\/v2\/pages"}],"about":[{"href":"https:\/\/ucos.fr\/index.php\/wp-json\/wp\/v2\/types\/page"}],"author":[{"embeddable":true,"href":"https:\/\/ucos.fr\/index.php\/wp-json\/wp\/v2\/users\/1"}],"replies":[{"embeddable":true,"href":"https:\/\/ucos.fr\/index.php\/wp-json\/wp\/v2\/comments?post=166"}],"version-history":[{"count":2,"href":"https:\/\/ucos.fr\/index.php\/wp-json\/wp\/v2\/pages\/166\/revisions"}],"predecessor-version":[{"id":168,"href":"https:\/\/ucos.fr\/index.php\/wp-json\/wp\/v2\/pages\/166\/revisions\/168"}],"wp:attachment":[{"href":"https:\/\/ucos.fr\/index.php\/wp-json\/wp\/v2\/media?parent=166"}],"curies":[{"name":"wp","href":"https:\/\/api.w.org\/{rel}","templated":true}]}}